{"id":269,"date":"2017-10-23T10:58:17","date_gmt":"2017-10-23T10:58:17","guid":{"rendered":"http:\/\/www.beranca.com\/?page_id=269"},"modified":"2017-10-23T10:59:02","modified_gmt":"2017-10-23T10:59:02","slug":"lhuile","status":"publish","type":"page","link":"https:\/\/www.beranca.com\/fr\/lhuile\/","title":{"rendered":"L\u2019huile"},"content":{"rendered":"<div class=\"fonsloli\"><div class=\"container\">\r\n\r\n<div class=\"col-lg-5\"><img decoding=\"async\" src=\"http:\/\/www.beranca.com\/wp-content\/uploads\/2017\/05\/Mesa-de-trabajo-2@4x.png\" alt=\"\" width=\"100%\" class=\"alignnone size-large wp-image-133\" \/><\/div>\r\n\r\n<div class=\"col-lg-7\"><h1>L\u2019huile<\/h1>\r\n\r\nL\u2019huile Beran\u00e7a est press\u00e9e des olives Arbequina. Chez nous, elles m\u00fbrissent dans les terrains secs d\u2019une mosa\u00efque de paysages pierreux, pittoresques, dans un environnement sain o\u00f9 prosp\u00e8rent oiseaux, insectes et plantes sauvages. L\u2019huile a l\u2019ar\u00f4me tr\u00e8s fruit\u00e9 des olives vertes avec des parfums d\u2019artichaut, de pomme verte et de foin frais.<br><br>\r\n\r\nLa lutte contre les \u00e9ventuels nuisibles des oliveraies est strictement biologique et respecte l\u2019int\u00e9grit\u00e9 du sol et des organismes qui y vivent.\r\n<br><br><div class=\"text-center\">\r\n<img decoding=\"async\" src=\"http:\/\/www.beranca.com\/wp-content\/uploads\/2017\/07\/linia.png\" width=\"80%\" \/><br><br><\/div>\r\n<\/div>\r\n<div class=\"clearfix\"><\/div>\r\n<div class=\"col-lg-7\" style=\"padding-bottom:60px;\">\r\n<h3 style=\"color:#b4b905;\"><strong>Certificat CCPAE et label bio de l\u2019Union europ\u00e9enne<\/strong><\/h3>\r\nUn produit \u00e9cologique doit \u00eatre exempt de produits chimiques, n\u00e9fastes voire toxiques. Pour \u00eatre certifi\u00e9 biologique, l\u2019huile d\u2019olive Beran\u00e7a a subi des contr\u00f4les de qualit\u00e9 tr\u00e8s stricts. Le r\u00e9sultat des contr\u00f4les figure sur les bouteilles d\u2019huile.<br><br>\r\n\r\nEn plus du certificat CCPAE (Consejo catal\u00e1n de producci\u00f3n agraria ecol\u00f3gica), notre huile porte le label bio de l\u2019Union europ\u00e9enne. Tous deux t\u00e9moignent de produits \u00e0 haute qualit\u00e9 biologique.<br><br>\r\n\r\n<\/div>\r\n<div class=\"col-lg-5 text-center\"><h3>&nbsp;<\/h3><img decoding=\"async\" src=\"http:\/\/www.beranca.com\/wp-content\/uploads\/2017\/05\/eco.png\" alt=\"\" width=\"30%\" class=\"alignnone size-full wp-image-42\" srcset=\"https:\/\/www.beranca.com\/wp-content\/uploads\/2017\/05\/eco.png 200w, https:\/\/www.beranca.com\/wp-content\/uploads\/2017\/05\/eco-150x150.png 150w\" sizes=\"(max-width: 200px) 100vw, 200px\" \/><img decoding=\"async\" src=\"http:\/\/www.beranca.com\/wp-content\/uploads\/2017\/05\/ccpae.png\" alt=\"\" width=\"30%\" class=\"alignnone size-full wp-image-32\" srcset=\"https:\/\/www.beranca.com\/wp-content\/uploads\/2017\/05\/ccpae.png 200w, https:\/\/www.beranca.com\/wp-content\/uploads\/2017\/05\/ccpae-150x150.png 150w\" sizes=\"(max-width: 200px) 100vw, 200px\" \/><div class=\"clearfix\"><\/div><img decoding=\"async\" src=\"http:\/\/www.beranca.com\/wp-content\/uploads\/2017\/07\/Mesa-de-trabajo-1@4x.png\" alt=\"\" width=\"100%\" class=\"alignnone size-large wp-image-136\" \/><\/div>\r\n<\/div><\/div>\r\n\r\n","protected":false},"excerpt":{"rendered":"L\u2019huile L\u2019huile Beran\u00e7a est press\u00e9e des olives Arbequina. Chez nous, elles m\u00fbrissent dans les terrains secs d\u2019une mosa\u00efque de paysages pierreux, pittoresques, dans un environnement sain o\u00f9 prosp\u00e8rent oiseaux, insectes et plantes sauvages. L\u2019huile a l\u2019ar\u00f4me tr\u00e8s fruit\u00e9 des olives vertes avec des parfums d\u2019artichaut, de pomme verte et de foin frais. La lutte contre [&hellip;]","protected":false},"author":1,"featured_media":0,"parent":0,"menu_order":0,"comment_status":"closed","ping_status":"closed","template":"page-custom1.php","meta":{"footnotes":""},"class_list":["post-269","page","type-page","status-publish","hentry"],"yoast_head":"<!-- This site is optimized with the Yoast SEO plugin v27.1.1 - https:\/\/yoast.com\/product\/yoast-seo-wordpress\/ -->\n<title>L\u2019huile - Olis Beran\u00e7a<\/title>\n<meta name=\"robots\" content=\"index, follow, max-snippet:-1, max-image-preview:large, max-video-preview:-1\" \/>\n<link rel=\"canonical\" href=\"https:\/\/www.beranca.com\/fr\/lhuile\/\" \/>\n<meta property=\"og:locale\" content=\"fr_FR\" \/>\n<meta property=\"og:type\" content=\"article\" \/>\n<meta property=\"og:title\" content=\"L\u2019huile - Olis Beran\u00e7a\" \/>\n<meta property=\"og:description\" content=\"L\u2019huile L\u2019huile Beran\u00e7a est press\u00e9e des olives Arbequina. Chez nous, elles m\u00fbrissent dans les terrains secs d\u2019une mosa\u00efque de paysages pierreux, pittoresques, dans un environnement sain o\u00f9 prosp\u00e8rent oiseaux, insectes et plantes sauvages. L\u2019huile a l\u2019ar\u00f4me tr\u00e8s fruit\u00e9 des olives vertes avec des parfums d\u2019artichaut, de pomme verte et de foin frais. La lutte contre [&hellip;]\" \/>\n<meta property=\"og:url\" content=\"https:\/\/www.beranca.com\/fr\/lhuile\/\" \/>\n<meta property=\"og:site_name\" content=\"Olis Beran\u00e7a\" \/>\n<meta property=\"article:modified_time\" content=\"2017-10-23T10:59:02+00:00\" \/>\n<meta property=\"og:image\" content=\"http:\/\/www.beranca.com\/wp-content\/uploads\/2017\/05\/Mesa-de-trabajo-2@4x.png\" \/>\n<meta name=\"twitter:card\" content=\"summary_large_image\" \/>\n<meta name=\"twitter:label1\" content=\"Dur\u00e9e de lecture estim\u00e9e\" \/>\n\t<meta name=\"twitter:data1\" content=\"1 minute\" \/>\n<script type=\"application\/ld+json\" class=\"yoast-schema-graph\">{\"@context\":\"https:\/\/schema.org\",\"@graph\":[{\"@type\":\"WebPage\",\"@id\":\"https:\/\/www.beranca.com\/fr\/lhuile\/\",\"url\":\"https:\/\/www.beranca.com\/fr\/lhuile\/\",\"name\":\"L\u2019huile - Olis Beran\u00e7a\",\"isPartOf\":{\"@id\":\"https:\/\/www.beranca.com\/#website\"},\"primaryImageOfPage\":{\"@id\":\"https:\/\/www.beranca.com\/fr\/lhuile\/#primaryimage\"},\"image\":{\"@id\":\"https:\/\/www.beranca.com\/fr\/lhuile\/#primaryimage\"},\"thumbnailUrl\":\"http:\/\/www.beranca.com\/wp-content\/uploads\/2017\/05\/Mesa-de-trabajo-2@4x.png\",\"datePublished\":\"2017-10-23T10:58:17+00:00\",\"dateModified\":\"2017-10-23T10:59:02+00:00\",\"breadcrumb\":{\"@id\":\"https:\/\/www.beranca.com\/fr\/lhuile\/#breadcrumb\"},\"inLanguage\":\"fr-FR\",\"potentialAction\":[{\"@type\":\"ReadAction\",\"target\":[\"https:\/\/www.beranca.com\/fr\/lhuile\/\"]}]},{\"@type\":\"ImageObject\",\"inLanguage\":\"fr-FR\",\"@id\":\"https:\/\/www.beranca.com\/fr\/lhuile\/#primaryimage\",\"url\":\"http:\/\/www.beranca.com\/wp-content\/uploads\/2017\/05\/Mesa-de-trabajo-2@4x.png\",\"contentUrl\":\"http:\/\/www.beranca.com\/wp-content\/uploads\/2017\/05\/Mesa-de-trabajo-2@4x.png\"},{\"@type\":\"BreadcrumbList\",\"@id\":\"https:\/\/www.beranca.com\/fr\/lhuile\/#breadcrumb\",\"itemListElement\":[{\"@type\":\"ListItem\",\"position\":1,\"name\":\"Inici\",\"item\":\"https:\/\/www.beranca.com\/fr\/\"},{\"@type\":\"ListItem\",\"position\":2,\"name\":\"L\u2019huile\"}]},{\"@type\":\"WebSite\",\"@id\":\"https:\/\/www.beranca.com\/#website\",\"url\":\"https:\/\/www.beranca.com\/\",\"name\":\"Olis Beran\u00e7a\",\"description\":\"Olis Ecol\u00f2gics\",\"potentialAction\":[{\"@type\":\"SearchAction\",\"target\":{\"@type\":\"EntryPoint\",\"urlTemplate\":\"https:\/\/www.beranca.com\/?s={search_term_string}\"},\"query-input\":{\"@type\":\"PropertyValueSpecification\",\"valueRequired\":true,\"valueName\":\"search_term_string\"}}],\"inLanguage\":\"fr-FR\"}]}<\/script>\n<!-- \/ Yoast SEO plugin. -->","yoast_head_json":{"title":"L\u2019huile - Olis Beran\u00e7a","robots":{"index":"index","follow":"follow","max-snippet":"max-snippet:-1","max-image-preview":"max-image-preview:large","max-video-preview":"max-video-preview:-1"},"canonical":"https:\/\/www.beranca.com\/fr\/lhuile\/","og_locale":"fr_FR","og_type":"article","og_title":"L\u2019huile - Olis Beran\u00e7a","og_description":"L\u2019huile L\u2019huile Beran\u00e7a est press\u00e9e des olives Arbequina. Chez nous, elles m\u00fbrissent dans les terrains secs d\u2019une mosa\u00efque de paysages pierreux, pittoresques, dans un environnement sain o\u00f9 prosp\u00e8rent oiseaux, insectes et plantes sauvages. L\u2019huile a l\u2019ar\u00f4me tr\u00e8s fruit\u00e9 des olives vertes avec des parfums d\u2019artichaut, de pomme verte et de foin frais. La lutte contre [&hellip;]","og_url":"https:\/\/www.beranca.com\/fr\/lhuile\/","og_site_name":"Olis Beran\u00e7a","article_modified_time":"2017-10-23T10:59:02+00:00","og_image":[{"url":"http:\/\/www.beranca.com\/wp-content\/uploads\/2017\/05\/Mesa-de-trabajo-2@4x.png","type":"","width":"","height":""}],"twitter_card":"summary_large_image","twitter_misc":{"Dur\u00e9e de lecture estim\u00e9e":"1 minute"},"schema":{"@context":"https:\/\/schema.org","@graph":[{"@type":"WebPage","@id":"https:\/\/www.beranca.com\/fr\/lhuile\/","url":"https:\/\/www.beranca.com\/fr\/lhuile\/","name":"L\u2019huile - Olis Beran\u00e7a","isPartOf":{"@id":"https:\/\/www.beranca.com\/#website"},"primaryImageOfPage":{"@id":"https:\/\/www.beranca.com\/fr\/lhuile\/#primaryimage"},"image":{"@id":"https:\/\/www.beranca.com\/fr\/lhuile\/#primaryimage"},"thumbnailUrl":"http:\/\/www.beranca.com\/wp-content\/uploads\/2017\/05\/Mesa-de-trabajo-2@4x.png","datePublished":"2017-10-23T10:58:17+00:00","dateModified":"2017-10-23T10:59:02+00:00","breadcrumb":{"@id":"https:\/\/www.beranca.com\/fr\/lhuile\/#breadcrumb"},"inLanguage":"fr-FR","potentialAction":[{"@type":"ReadAction","target":["https:\/\/www.beranca.com\/fr\/lhuile\/"]}]},{"@type":"ImageObject","inLanguage":"fr-FR","@id":"https:\/\/www.beranca.com\/fr\/lhuile\/#primaryimage","url":"http:\/\/www.beranca.com\/wp-content\/uploads\/2017\/05\/Mesa-de-trabajo-2@4x.png","contentUrl":"http:\/\/www.beranca.com\/wp-content\/uploads\/2017\/05\/Mesa-de-trabajo-2@4x.png"},{"@type":"BreadcrumbList","@id":"https:\/\/www.beranca.com\/fr\/lhuile\/#breadcrumb","itemListElement":[{"@type":"ListItem","position":1,"name":"Inici","item":"https:\/\/www.beranca.com\/fr\/"},{"@type":"ListItem","position":2,"name":"L\u2019huile"}]},{"@type":"WebSite","@id":"https:\/\/www.beranca.com\/#website","url":"https:\/\/www.beranca.com\/","name":"Olis Beran\u00e7a","description":"Olis Ecol\u00f2gics","potentialAction":[{"@type":"SearchAction","target":{"@type":"EntryPoint","urlTemplate":"https:\/\/www.beranca.com\/?s={search_term_string}"},"query-input":{"@type":"PropertyValueSpecification","valueRequired":true,"valueName":"search_term_string"}}],"inLanguage":"fr-FR"}]}},"_links":{"self":[{"href":"https:\/\/www.beranca.com\/fr\/wp-json\/wp\/v2\/pages\/269","targetHints":{"allow":["GET"]}}],"collection":[{"href":"https:\/\/www.beranca.com\/fr\/wp-json\/wp\/v2\/pages"}],"about":[{"href":"https:\/\/www.beranca.com\/fr\/wp-json\/wp\/v2\/types\/page"}],"author":[{"embeddable":true,"href":"https:\/\/www.beranca.com\/fr\/wp-json\/wp\/v2\/users\/1"}],"replies":[{"embeddable":true,"href":"https:\/\/www.beranca.com\/fr\/wp-json\/wp\/v2\/comments?post=269"}],"version-history":[{"count":1,"href":"https:\/\/www.beranca.com\/fr\/wp-json\/wp\/v2\/pages\/269\/revisions"}],"predecessor-version":[{"id":270,"href":"https:\/\/www.beranca.com\/fr\/wp-json\/wp\/v2\/pages\/269\/revisions\/270"}],"wp:attachment":[{"href":"https:\/\/www.beranca.com\/fr\/wp-json\/wp\/v2\/media?parent=269"}],"curies":[{"name":"wp","href":"https:\/\/api.w.org\/{rel}","templated":true}]}}

<div class="fonsloli"><div class="container">

<div class="col-lg-5"><img decoding="async" src="http://www.beranca.com/wp-content/uploads/2017/05/Mesa-de-trabajo-2@4x.png" alt="" width="100%" class="alignnone size-large wp-image-133" /></div>

<div class="col-lg-7"><h1>L’huile</h1>

L’huile Berança est pressée des olives Arbequina. Chez nous, elles mûrissent dans les terrains secs d’une mosaïque de paysages pierreux, pittoresques, dans un environnement sain où prospèrent oiseaux, insectes et plantes sauvages. L’huile a l’arôme très fruité des olives vertes avec des parfums d’artichaut, de pomme verte et de foin frais.<br><br>

La lutte contre les éventuels nuisibles des oliveraies est strictement biologique et respecte l’intégrité du sol et des organismes qui y vivent.
<br><br><div class="text-center">
<img decoding="async" src="http://www.beranca.com/wp-content/uploads/2017/07/linia.png" width="80%" /><br><br></div>
</div>
<div class="clearfix"></div>
<div class="col-lg-7" style="padding-bottom:60px;">
<h3 style="color:#b4b905;"><strong>Certificat CCPAE et label bio de l’Union européenne</strong></h3>
Un produit écologique doit être exempt de produits chimiques, néfastes voire toxiques. Pour être certifié biologique, l’huile d’olive Berança a subi des contrôles de qualité très stricts. Le résultat des contrôles figure sur les bouteilles d’huile.<br><br>

En plus du certificat CCPAE (Consejo catalán de producción agraria ecológica), notre huile porte le label bio de l’Union européenne. Tous deux témoignent de produits à haute qualité biologique.<br><br>

</div>
<div class="col-lg-5 text-center"><h3>&nbsp;</h3><img decoding="async" src="http://www.beranca.com/wp-content/uploads/2017/05/eco.png" alt="" width="30%" class="alignnone size-full wp-image-42" srcset="https://www.beranca.com/wp-content/uploads/2017/05/eco.png 200w, https://www.beranca.com/wp-content/uploads/2017/05/eco-150x150.png 150w" sizes="(max-width: 200px) 100vw, 200px" /><img decoding="async" src="http://www.beranca.com/wp-content/uploads/2017/05/ccpae.png" alt="" width="30%" class="alignnone size-full wp-image-32" srcset="https://www.beranca.com/wp-content/uploads/2017/05/ccpae.png 200w, https://www.beranca.com/wp-content/uploads/2017/05/ccpae-150x150.png 150w" sizes="(max-width: 200px) 100vw, 200px" /><div class="clearfix"></div><img decoding="async" src="http://www.beranca.com/wp-content/uploads/2017/07/Mesa-de-trabajo-1@4x.png" alt="" width="100%" class="alignnone size-large wp-image-136" /></div>
</div></div>

L’huile L’huile Berança est pressée des olives Arbequina. Chez nous, elles mûrissent dans les terrains secs d’une mosaïque de paysages pierreux, pittoresques, dans un environnement sain où prospèrent oiseaux, insectes et plantes sauvages. L’huile a l’arôme très fruité des olives vertes avec des parfums d’artichaut, de pomme verte et de foin frais. La lutte contre [&hellip;]

<!-- This site is optimized with the Yoast SEO plugin v27.1.1 - https://yoast.com/product/yoast-seo-wordpress/ -->
<title>L’huile - Olis Berança</title>
<meta name="robots" content="index, follow, max-snippet:-1, max-image-preview:large, max-video-preview:-1" />
<link rel="canonical" href="https://www.beranca.com/fr/lhuile/" />
<meta property="og:locale" content="fr_FR" />
<meta property="og:type" content="article" />
<meta property="og:title" content="L’huile - Olis Berança" />
<meta property="og:description" content="L’huile L’huile Berança est pressée des olives Arbequina. Chez nous, elles mûrissent dans les terrains secs d’une mosaïque de paysages pierreux, pittoresques, dans un environnement sain où prospèrent oiseaux, insectes et plantes sauvages. L’huile a l’arôme très fruité des olives vertes avec des parfums d’artichaut, de pomme verte et de foin frais. La lutte contre [&hellip;]" />
<meta property="og:url" content="https://www.beranca.com/fr/lhuile/" />
<meta property="og:site_name" content="Olis Berança" />
<meta property="article:modified_time" content="2017-10-23T10:59:02+00:00" />
<meta property="og:image" content="http://www.beranca.com/wp-content/uploads/2017/05/Mesa-de-trabajo-2@4x.png" />
<meta name="twitter:card" content="summary_large_image" />
<meta name="twitter:label1" content="Durée de lecture estimée" />
	<meta name="twitter:data1" content="1 minute" />
<script type="application/ld+json" class="yoast-schema-graph">{"@context":"https://schema.org","@graph":[{"@type":"WebPage","@id":"https://www.beranca.com/fr/lhuile/","url":"https://www.beranca.com/fr/lhuile/","name":"L’huile - Olis Berança","isPartOf":{"@id":"https://www.beranca.com/#website"},"primaryImageOfPage":{"@id":"https://www.beranca.com/fr/lhuile/#primaryimage"},"image":{"@id":"https://www.beranca.com/fr/lhuile/#primaryimage"},"thumbnailUrl":"http://www.beranca.com/wp-content/uploads/2017/05/Mesa-de-trabajo-2@4x.png","datePublished":"2017-10-23T10:58:17+00:00","dateModified":"2017-10-23T10:59:02+00:00","breadcrumb":{"@id":"https://www.beranca.com/fr/lhuile/#breadcrumb"},"inLanguage":"fr-FR","potentialAction":[{"@type":"ReadAction","target":["https://www.beranca.com/fr/lhuile/"]}]},{"@type":"ImageObject","inLanguage":"fr-FR","@id":"https://www.beranca.com/fr/lhuile/#primaryimage","url":"http://www.beranca.com/wp-content/uploads/2017/05/Mesa-de-trabajo-2@4x.png","contentUrl":"http://www.beranca.com/wp-content/uploads/2017/05/Mesa-de-trabajo-2@4x.png"},{"@type":"BreadcrumbList","@id":"https://www.beranca.com/fr/lhuile/#breadcrumb","itemListElement":[{"@type":"ListItem","position":1,"name":"Inici","item":"https://www.beranca.com/fr/"},{"@type":"ListItem","position":2,"name":"L’huile"}]},{"@type":"WebSite","@id":"https://www.beranca.com/#website","url":"https://www.beranca.com/","name":"Olis Berança","description":"Olis Ecològics","potentialAction":[{"@type":"SearchAction","target":{"@type":"EntryPoint","urlTemplate":"https://www.beranca.com/?s={search_term_string}"},"query-input":{"@type":"PropertyValueSpecification","valueRequired":true,"valueName":"search_term_string"}}],"inLanguage":"fr-FR"}]}</script>
<!-- / Yoast SEO plugin. -->

L’huile - Olis Berança

Olis Berança

Olis Ecològics
