{"id":176,"date":"2017-08-01T14:02:14","date_gmt":"2017-08-01T14:02:14","guid":{"rendered":"http:\/\/www.beranca.com\/es\/?page_id=176"},"modified":"2017-12-11T19:58:02","modified_gmt":"2017-12-11T19:58:02","slug":"filosofia","status":"publish","type":"page","link":"https:\/\/www.beranca.com\/es\/filosofia\/","title":{"rendered":"Filosofia"},"content":{"rendered":"<div class=\"fonsfilosofia\"><div class=\"container\" style=\"background-color:rgba(255,255,255,0.80); color:#474747;\"><div class=\"col-lg-12\"><h1>Filosofia<\/h1>\r\nNuestra empresa es una explotaci\u00f3n nacida en 2009, de car\u00e1cter familiar y arraigada en el territorio. Nos dedicamos a trabajar los olivos de nuestra propiedad en Bovera, comarca de Les Garrigues (Lleida).<br><br>\r\n\r\nNuestro producto principal es el aceite de oliva virgen extra ecol\u00f3gico, garant\u00eda de la mejor calidad organol\u00e9ptica y salud. Los beneficios que aporta un proceso productivo cuidadoso y generoso con el medio ambiente son obvios tanto en el producto como en el entorno. Por eso la elecci\u00f3n e inter\u00e9s en la agricultura ecol\u00f3gica durante el proceso productivo garantizando as\u00ed el respeto por el medio natural.<br><br>\r\n\r\nSin duda uno de los rasgos de identidad de la marca Beran\u00e7a es el compromiso con el medio ambiente. Prueba de ello es el hecho de que desde el principio, con el fin de comprobar los beneficios sobre el medio natural, adem\u00e1s, se est\u00e1 llevando un seguimiento de la avifauna utilizando varios m\u00e9todos estandarizados (esfuerzo de muestreo constante, cajas-nido, &#8230;) o fomentando recorridos bot\u00e1nicos en algunas fincas. Los resultados de estos estudios pueden consultarse en nuestro blog.\r\n<br><br><img decoding=\"async\" src=\"http:\/\/www.beranca.com\/wp-content\/uploads\/2017\/05\/mapaberanca3.png\" alt=\"\" width=\"100%\" class=\"alignnone size-full wp-image-91\" \/>\r\n<\/div><\/div><\/div>","protected":false},"excerpt":{"rendered":"Filosofia Nuestra empresa es una explotaci\u00f3n nacida en 2009, de car\u00e1cter familiar y arraigada en el territorio. Nos dedicamos a trabajar los olivos de nuestra propiedad en Bovera, comarca de Les Garrigues (Lleida). Nuestro producto principal es el aceite de oliva virgen extra ecol\u00f3gico, garant\u00eda de la mejor calidad organol\u00e9ptica y salud. Los beneficios que [&hellip;]","protected":false},"author":1,"featured_media":0,"parent":0,"menu_order":0,"comment_status":"closed","ping_status":"closed","template":"page-custom1.php","meta":{"footnotes":""},"class_list":["post-176","page","type-page","status-publish","hentry"],"yoast_head":"<!-- This site is optimized with the Yoast SEO plugin v27.1.1 - https:\/\/yoast.com\/product\/yoast-seo-wordpress\/ -->\n<title>Filosofia - Olis Beran\u00e7a<\/title>\n<meta name=\"robots\" content=\"index, follow, max-snippet:-1, max-image-preview:large, max-video-preview:-1\" \/>\n<link rel=\"canonical\" href=\"https:\/\/www.beranca.com\/es\/filosofia\/\" \/>\n<meta property=\"og:locale\" content=\"es_ES\" \/>\n<meta property=\"og:type\" content=\"article\" \/>\n<meta property=\"og:title\" content=\"Filosofia - Olis Beran\u00e7a\" \/>\n<meta property=\"og:description\" content=\"Filosofia Nuestra empresa es una explotaci\u00f3n nacida en 2009, de car\u00e1cter familiar y arraigada en el territorio. Nos dedicamos a trabajar los olivos de nuestra propiedad en Bovera, comarca de Les Garrigues (Lleida). Nuestro producto principal es el aceite de oliva virgen extra ecol\u00f3gico, garant\u00eda de la mejor calidad organol\u00e9ptica y salud. Los beneficios que [&hellip;]\" \/>\n<meta property=\"og:url\" content=\"https:\/\/www.beranca.com\/es\/filosofia\/\" \/>\n<meta property=\"og:site_name\" content=\"Olis Beran\u00e7a\" \/>\n<meta property=\"article:modified_time\" content=\"2017-12-11T19:58:02+00:00\" \/>\n<meta property=\"og:image\" content=\"http:\/\/www.beranca.com\/wp-content\/uploads\/2017\/05\/mapaberanca3.png\" \/>\n<meta name=\"twitter:card\" content=\"summary_large_image\" \/>\n<meta name=\"twitter:label1\" content=\"Tiempo de lectura\" \/>\n\t<meta name=\"twitter:data1\" content=\"1 minuto\" \/>\n<script type=\"application\/ld+json\" class=\"yoast-schema-graph\">{\"@context\":\"https:\/\/schema.org\",\"@graph\":[{\"@type\":\"WebPage\",\"@id\":\"https:\/\/www.beranca.com\/es\/filosofia\/\",\"url\":\"https:\/\/www.beranca.com\/es\/filosofia\/\",\"name\":\"Filosofia - Olis Beran\u00e7a\",\"isPartOf\":{\"@id\":\"https:\/\/www.beranca.com\/#website\"},\"primaryImageOfPage\":{\"@id\":\"https:\/\/www.beranca.com\/es\/filosofia\/#primaryimage\"},\"image\":{\"@id\":\"https:\/\/www.beranca.com\/es\/filosofia\/#primaryimage\"},\"thumbnailUrl\":\"http:\/\/www.beranca.com\/wp-content\/uploads\/2017\/05\/mapaberanca3.png\",\"datePublished\":\"2017-08-01T14:02:14+00:00\",\"dateModified\":\"2017-12-11T19:58:02+00:00\",\"breadcrumb\":{\"@id\":\"https:\/\/www.beranca.com\/es\/filosofia\/#breadcrumb\"},\"inLanguage\":\"es\",\"potentialAction\":[{\"@type\":\"ReadAction\",\"target\":[\"https:\/\/www.beranca.com\/es\/filosofia\/\"]}]},{\"@type\":\"ImageObject\",\"inLanguage\":\"es\",\"@id\":\"https:\/\/www.beranca.com\/es\/filosofia\/#primaryimage\",\"url\":\"http:\/\/www.beranca.com\/wp-content\/uploads\/2017\/05\/mapaberanca3.png\",\"contentUrl\":\"http:\/\/www.beranca.com\/wp-content\/uploads\/2017\/05\/mapaberanca3.png\"},{\"@type\":\"BreadcrumbList\",\"@id\":\"https:\/\/www.beranca.com\/es\/filosofia\/#breadcrumb\",\"itemListElement\":[{\"@type\":\"ListItem\",\"position\":1,\"name\":\"Inici\",\"item\":\"https:\/\/www.beranca.com\/es\/\"},{\"@type\":\"ListItem\",\"position\":2,\"name\":\"Filosofia\"}]},{\"@type\":\"WebSite\",\"@id\":\"https:\/\/www.beranca.com\/#website\",\"url\":\"https:\/\/www.beranca.com\/\",\"name\":\"Olis Beran\u00e7a\",\"description\":\"Olis Ecol\u00f2gics\",\"potentialAction\":[{\"@type\":\"SearchAction\",\"target\":{\"@type\":\"EntryPoint\",\"urlTemplate\":\"https:\/\/www.beranca.com\/?s={search_term_string}\"},\"query-input\":{\"@type\":\"PropertyValueSpecification\",\"valueRequired\":true,\"valueName\":\"search_term_string\"}}],\"inLanguage\":\"es\"}]}<\/script>\n<!-- \/ Yoast SEO plugin. -->","yoast_head_json":{"title":"Filosofia - Olis Beran\u00e7a","robots":{"index":"index","follow":"follow","max-snippet":"max-snippet:-1","max-image-preview":"max-image-preview:large","max-video-preview":"max-video-preview:-1"},"canonical":"https:\/\/www.beranca.com\/es\/filosofia\/","og_locale":"es_ES","og_type":"article","og_title":"Filosofia - Olis Beran\u00e7a","og_description":"Filosofia Nuestra empresa es una explotaci\u00f3n nacida en 2009, de car\u00e1cter familiar y arraigada en el territorio. Nos dedicamos a trabajar los olivos de nuestra propiedad en Bovera, comarca de Les Garrigues (Lleida). Nuestro producto principal es el aceite de oliva virgen extra ecol\u00f3gico, garant\u00eda de la mejor calidad organol\u00e9ptica y salud. Los beneficios que [&hellip;]","og_url":"https:\/\/www.beranca.com\/es\/filosofia\/","og_site_name":"Olis Beran\u00e7a","article_modified_time":"2017-12-11T19:58:02+00:00","og_image":[{"url":"http:\/\/www.beranca.com\/wp-content\/uploads\/2017\/05\/mapaberanca3.png","type":"","width":"","height":""}],"twitter_card":"summary_large_image","twitter_misc":{"Tiempo de lectura":"1 minuto"},"schema":{"@context":"https:\/\/schema.org","@graph":[{"@type":"WebPage","@id":"https:\/\/www.beranca.com\/es\/filosofia\/","url":"https:\/\/www.beranca.com\/es\/filosofia\/","name":"Filosofia - Olis Beran\u00e7a","isPartOf":{"@id":"https:\/\/www.beranca.com\/#website"},"primaryImageOfPage":{"@id":"https:\/\/www.beranca.com\/es\/filosofia\/#primaryimage"},"image":{"@id":"https:\/\/www.beranca.com\/es\/filosofia\/#primaryimage"},"thumbnailUrl":"http:\/\/www.beranca.com\/wp-content\/uploads\/2017\/05\/mapaberanca3.png","datePublished":"2017-08-01T14:02:14+00:00","dateModified":"2017-12-11T19:58:02+00:00","breadcrumb":{"@id":"https:\/\/www.beranca.com\/es\/filosofia\/#breadcrumb"},"inLanguage":"es","potentialAction":[{"@type":"ReadAction","target":["https:\/\/www.beranca.com\/es\/filosofia\/"]}]},{"@type":"ImageObject","inLanguage":"es","@id":"https:\/\/www.beranca.com\/es\/filosofia\/#primaryimage","url":"http:\/\/www.beranca.com\/wp-content\/uploads\/2017\/05\/mapaberanca3.png","contentUrl":"http:\/\/www.beranca.com\/wp-content\/uploads\/2017\/05\/mapaberanca3.png"},{"@type":"BreadcrumbList","@id":"https:\/\/www.beranca.com\/es\/filosofia\/#breadcrumb","itemListElement":[{"@type":"ListItem","position":1,"name":"Inici","item":"https:\/\/www.beranca.com\/es\/"},{"@type":"ListItem","position":2,"name":"Filosofia"}]},{"@type":"WebSite","@id":"https:\/\/www.beranca.com\/#website","url":"https:\/\/www.beranca.com\/","name":"Olis Beran\u00e7a","description":"Olis Ecol\u00f2gics","potentialAction":[{"@type":"SearchAction","target":{"@type":"EntryPoint","urlTemplate":"https:\/\/www.beranca.com\/?s={search_term_string}"},"query-input":{"@type":"PropertyValueSpecification","valueRequired":true,"valueName":"search_term_string"}}],"inLanguage":"es"}]}},"_links":{"self":[{"href":"https:\/\/www.beranca.com\/es\/wp-json\/wp\/v2\/pages\/176","targetHints":{"allow":["GET"]}}],"collection":[{"href":"https:\/\/www.beranca.com\/es\/wp-json\/wp\/v2\/pages"}],"about":[{"href":"https:\/\/www.beranca.com\/es\/wp-json\/wp\/v2\/types\/page"}],"author":[{"embeddable":true,"href":"https:\/\/www.beranca.com\/es\/wp-json\/wp\/v2\/users\/1"}],"replies":[{"embeddable":true,"href":"https:\/\/www.beranca.com\/es\/wp-json\/wp\/v2\/comments?post=176"}],"version-history":[{"count":3,"href":"https:\/\/www.beranca.com\/es\/wp-json\/wp\/v2\/pages\/176\/revisions"}],"predecessor-version":[{"id":285,"href":"https:\/\/www.beranca.com\/es\/wp-json\/wp\/v2\/pages\/176\/revisions\/285"}],"wp:attachment":[{"href":"https:\/\/www.beranca.com\/es\/wp-json\/wp\/v2\/media?parent=176"}],"curies":[{"name":"wp","href":"https:\/\/api.w.org\/{rel}","templated":true}]}}

<div class="fonsfilosofia"><div class="container" style="background-color:rgba(255,255,255,0.80); color:#474747;"><div class="col-lg-12"><h1>Filosofia</h1>
Nuestra empresa es una explotación nacida en 2009, de carácter familiar y arraigada en el territorio. Nos dedicamos a trabajar los olivos de nuestra propiedad en Bovera, comarca de Les Garrigues (Lleida).<br><br>

Nuestro producto principal es el aceite de oliva virgen extra ecológico, garantía de la mejor calidad organoléptica y salud. Los beneficios que aporta un proceso productivo cuidadoso y generoso con el medio ambiente son obvios tanto en el producto como en el entorno. Por eso la elección e interés en la agricultura ecológica durante el proceso productivo garantizando así el respeto por el medio natural.<br><br>

Sin duda uno de los rasgos de identidad de la marca Berança es el compromiso con el medio ambiente. Prueba de ello es el hecho de que desde el principio, con el fin de comprobar los beneficios sobre el medio natural, además, se está llevando un seguimiento de la avifauna utilizando varios métodos estandarizados (esfuerzo de muestreo constante, cajas-nido, &#8230;) o fomentando recorridos botánicos en algunas fincas. Los resultados de estos estudios pueden consultarse en nuestro blog.
<br><br><img decoding="async" src="http://www.beranca.com/wp-content/uploads/2017/05/mapaberanca3.png" alt="" width="100%" class="alignnone size-full wp-image-91" />
</div></div></div>

Filosofia Nuestra empresa es una explotación nacida en 2009, de carácter familiar y arraigada en el territorio. Nos dedicamos a trabajar los olivos de nuestra propiedad en Bovera, comarca de Les Garrigues (Lleida). Nuestro producto principal es el aceite de oliva virgen extra ecológico, garantía de la mejor calidad organoléptica y salud. Los beneficios que [&hellip;]

<!-- This site is optimized with the Yoast SEO plugin v27.1.1 - https://yoast.com/product/yoast-seo-wordpress/ -->
<title>Filosofia - Olis Berança</title>
<meta name="robots" content="index, follow, max-snippet:-1, max-image-preview:large, max-video-preview:-1" />
<link rel="canonical" href="https://www.beranca.com/es/filosofia/" />
<meta property="og:locale" content="es_ES" />
<meta property="og:type" content="article" />
<meta property="og:title" content="Filosofia - Olis Berança" />
<meta property="og:description" content="Filosofia Nuestra empresa es una explotación nacida en 2009, de carácter familiar y arraigada en el territorio. Nos dedicamos a trabajar los olivos de nuestra propiedad en Bovera, comarca de Les Garrigues (Lleida). Nuestro producto principal es el aceite de oliva virgen extra ecológico, garantía de la mejor calidad organoléptica y salud. Los beneficios que [&hellip;]" />
<meta property="og:url" content="https://www.beranca.com/es/filosofia/" />
<meta property="og:site_name" content="Olis Berança" />
<meta property="article:modified_time" content="2017-12-11T19:58:02+00:00" />
<meta property="og:image" content="http://www.beranca.com/wp-content/uploads/2017/05/mapaberanca3.png" />
<meta name="twitter:card" content="summary_large_image" />
<meta name="twitter:label1" content="Tiempo de lectura" />
	<meta name="twitter:data1" content="1 minuto" />
<script type="application/ld+json" class="yoast-schema-graph">{"@context":"https://schema.org","@graph":[{"@type":"WebPage","@id":"https://www.beranca.com/es/filosofia/","url":"https://www.beranca.com/es/filosofia/","name":"Filosofia - Olis Berança","isPartOf":{"@id":"https://www.beranca.com/#website"},"primaryImageOfPage":{"@id":"https://www.beranca.com/es/filosofia/#primaryimage"},"image":{"@id":"https://www.beranca.com/es/filosofia/#primaryimage"},"thumbnailUrl":"http://www.beranca.com/wp-content/uploads/2017/05/mapaberanca3.png","datePublished":"2017-08-01T14:02:14+00:00","dateModified":"2017-12-11T19:58:02+00:00","breadcrumb":{"@id":"https://www.beranca.com/es/filosofia/#breadcrumb"},"inLanguage":"es","potentialAction":[{"@type":"ReadAction","target":["https://www.beranca.com/es/filosofia/"]}]},{"@type":"ImageObject","inLanguage":"es","@id":"https://www.beranca.com/es/filosofia/#primaryimage","url":"http://www.beranca.com/wp-content/uploads/2017/05/mapaberanca3.png","contentUrl":"http://www.beranca.com/wp-content/uploads/2017/05/mapaberanca3.png"},{"@type":"BreadcrumbList","@id":"https://www.beranca.com/es/filosofia/#breadcrumb","itemListElement":[{"@type":"ListItem","position":1,"name":"Inici","item":"https://www.beranca.com/es/"},{"@type":"ListItem","position":2,"name":"Filosofia"}]},{"@type":"WebSite","@id":"https://www.beranca.com/#website","url":"https://www.beranca.com/","name":"Olis Berança","description":"Olis Ecològics","potentialAction":[{"@type":"SearchAction","target":{"@type":"EntryPoint","urlTemplate":"https://www.beranca.com/?s={search_term_string}"},"query-input":{"@type":"PropertyValueSpecification","valueRequired":true,"valueName":"search_term_string"}}],"inLanguage":"es"}]}</script>
<!-- / Yoast SEO plugin. -->

Filosofia - Olis Berança

Olis Berança

Olis Ecològics
